the prime factors of 4066.
2, 19, 107
What are the prime factors of 79270?
2, 5, 7927
List the prime factors of 119026.
2, 59513
What are the prime factors of 10444?
2, 7, 373
List the prime factors of 6573.
3, 7, 313
List the prime factors of 1043.
7, 149
List the prime factors of 4044.
2, 3, 337
List the prime factors of 446.
2, 223
List the prime factors of 14178.
2, 3, 17, 139
What are the prime factors of 1286?
2, 643
List the prime factors of 4654.
2, 13, 179
List the prime factors of 74801.
131, 571
List the prime factors of 4498.
2, 13, 173
List the prime factors of 86780.
2, 5, 4339
What are the prime factors of 13689?
3, 13
What are the prime factors of 7964?
2, 11, 181
List the prime factors of 1101.
3, 367
List the prime factors of 37429.
7, 5347
List the prime factors of 1066.
2, 13, 41
What are the prime factors of 11123?
7, 227
List the prime factors of 21557.
21557
List the prime factors of 1143.
3, 127
What are the prime factors of 950?
2, 5, 19
List the prime factors of 845.
5, 13
List the prime factors of 495.
3, 5, 11
What are the prime factors of 475?
5, 19
List the prime factors of 366.
2, 3, 61
What are the prime factors of 2419?
41, 59
What are the prime factors of 4918?
2, 2459
List the prime factors of 29857.
73, 409
List the prime factors of 55040.
2, 5, 43
What are the prime factors of 3632?
2, 227
What are the prime factors of 1359?
3, 151
List the prime factors of 6314.
2, 7, 11, 41
What are the prime factors of 603?
3, 67
List the prime factors of 2668.
2, 23, 29
List the prime factors of 20415.
3, 5, 1361
List the prime factors of 4601.
43, 107
What are the prime factors of 1381?
1381
List the prime factors of 3065.
5, 613
What are the prime factors of 1844?
2, 461
List the prime factors of 35717.
11, 17, 191
What are the prime factors of 2892?
2, 3, 241
List the prime factors of 2216.
2, 277
List the prime factors of 94943.
19, 263
What are the prime factors of 702?
2, 3, 13
List the prime factors of 2499.
3, 7, 17
What are the prime factors of 20634?
2, 3, 19, 181
List the prime factors of 17432.
2, 2179
What are the prime factors of 8928?
2, 3, 31
What are the prime factors of 10606?
2, 5303
What are the prime factors of 2908?
2, 727
What are the prime factors of 115422?
2, 3, 19237
List the prime factors of 1561.
7, 223
What are the prime factors of 5417?
5417
What are the prime factors of 18381?
3, 11, 557
List the prime factors of 116617.
277, 421
What are the prime factors of 25124?
2, 11, 571
What are the prime factors of 2723?
7, 389
What are the prime factors of 1239?
3, 7, 59
List the prime factors of 327.
3, 109
List the prime factors of 548.
2, 137
What are the prime factors of 1276?
2, 11, 29
List the prime factors of 2878.
2, 1439
What are the prime factors of 11333?
7, 1619
What are the prime factors of 1112?
2, 139
List the prime factors of 1222.
2, 13, 47
What are the prime factors of 27153?
3, 7, 431
What are the prime factors of 26800?
2, 5, 67
List the prime factors of 16883.
16883
List the prime factors of 3849.
3, 1283
List the prime factors of 496.
2, 31
List the prime factors of 163574.
2, 17, 283
What are the prime factors of 3463?
3463
What are the prime factors of 4900?
2, 5, 7
List the prime factors of 19443.
3, 6481
List the prime factors of 54582.
2, 3, 11, 827
What are the prime factors of 4824?
2, 3, 67
What are the prime factors of 3885?
3, 5, 7, 37
What are the prime factors of 15357?
3, 5119
List the prime factors of 2407.
29, 83
List the prime factors of 5648.
2, 353
List the prime factors of 6794.
2, 43, 79
What are the prime factors of 113246?
2, 7, 8089
What are the prime factors of 1000?
2, 5
What are the prime factors of 824?
2, 103
List the prime factors of 5066.
2, 17, 149
What are the prime factors of 13839?
3, 7, 659
What are the prime factors of 3923?
3923
What are the prime factors of 316?
2, 79
What are the prime factors of 19047?
3, 7, 907
What are the prime factors of 159?
3, 53
What are the prime factors of 7845?
3, 5, 523
List the prime factors of 2112.
2, 3, 11
List the prime factors of 66783.
3, 113, 197
What are the prime factors of 28313?
23, 1231
What are the prime factors of 81360?
2, 3, 5, 113
List the prime factors of 18521.
18521
What are the prime factors of 729?
3
What are the prime factors of 31161?
3, 13, 17, 47
What are the prime factors of 8857?
17, 521
What are the prime factors of 641?
641
List the prime factors of 8163.
3, 907
List the prime factors of 25.
5
What are the prime factors of 5860?
2, 5, 293
List the prime factors of 4525.
5, 181
List the prime factors of 6306.
2, 3, 1051
List the prime factors of 108755.
5, 21751
List the prime factors of 8126.
2, 17, 239
What are the prime factors of 1330?
2, 5, 7, 19
List the prime factors of 16140.
2, 3, 5, 269
What are the prime factors of 33743?
41, 823
List the prime factors of 1090.
2, 5, 109
What are the prime factors of 1694?
2, 7, 11
What are the prime factors of 33975?
3, 5, 151
What are the prime factors of 775?
5, 31
List the prime factors of 40238.
2, 11, 31, 59
What are the prime factors of 2381?
2381
List the prime factors of 389.
389
What are the prime factors of 1522?
2, 761
What are the prime factors of 18458?
2, 11, 839
What are the prime factors of 42934?
2, 21467
List the prime factors of 809.
809
What are the prime factors of 1557?
3, 173
What are the prime factors of 199?
199
List the prime factors of 11888.
2, 743
What are the prime factors of 2039?
2039
What are the prime factors of 41120?
2, 5, 257
List the prime factors of 26689.
13, 2053
List the prime factors of 10518.
2, 3, 1753
List the prime factors of 8293.
8293
What are the prime factors of 63608?
2, 7951
What are the prime factors of 143617?
143617
What are the prime factors of 522?
2, 3, 29
List the prime factors of 6088.
2, 761
List the prime factors of 838.
2, 419
What are the prime factors of 376?
2, 47
What are the prime factors of 1179?
3, 131
What are the prime factors of 90787?
90787
List the prime factors of 571.
571
What are the prime factors of 10801?
7, 1543
List the prime factors of 10774.
2, 5387
List the prime factors of 865.
5, 173
List the prime factors of 1322.
2, 661
What are the prime factors of 58708?
2, 13, 1129
What are the prime factors of 4040?
2, 5, 101
List the prime factors of 16682.
2, 19, 439
List the prime factors of 1387.
19, 73
List the prime factors of 108459.
3, 13, 103
List the prime factors of 64874.
2, 163, 199
List the prime factors of 360.
2, 3, 5
What are the prime factors of 6782?
2, 3391
What are the prime factors of 155?
5, 31
List the prime factors of 12283.
71, 173
What are the prime factors of 33673?
151, 223
List the prime factors of 66103.
66103
List the prime factors of 4373.
4373
What are the prime factors of 13730?
2, 5, 1373
List the prime factors of 2924.
2, 17, 43
What are the prime factors of 20998?
2, 10499
What are the prime factors of 24275?
5, 971
What are the prime factors of 32514?
2, 3, 5419
What are the prime factors of 1612?
2, 13, 31
List the prime factors of 33429.
3, 11, 1013
What are the prime factors of 4570?
2, 5, 457
List the prime factors of 7523.
7523
What are the prime factors of 2634?
2, 3, 439
List the prime factors of 2602.
2, 1301
List the prime factors of 3562.
2, 13, 137
List the prime factors of 76.
2, 19
List the prime factors of 8375.
5, 67
List the prime factors of 11043.
3, 409
What are the prime factors of 30806?
2, 73, 211
What are the prime factors of 92719?
11, 8429
List the prime factors of 5457.
3, 17, 107
What are the prime factors of 31114?
2, 47, 331
List the prime factors of 508.
2, 127
List the prime factors of 12832.
2, 401
List the prime factors of 86.
2, 43
What are the prime factors of 4950?
2, 3, 5, 11
List the prime factors of 31454.
2, 15727
List the prime factors of 56198.
2, 28099
What are the prime factors of 1447?
1447
List the prime factors of 4088.
2, 7, 73
List the prime factors of 35158.
2, 17579
What are the prime factors of 564?
2, 3, 47
List the prime factors of 4666.
2, 2333
What are the prime factors of 6559?
7, 937
List the prime factors of 8569.
11, 19, 41
What are the prime factors of 56610?
2, 3, 5, 17, 37
What are the prime factors of 1593?
3, 59
What are the prime factors of 6672?
2, 3